{"id":36,"date":"2024-11-04T11:35:05","date_gmt":"2024-11-04T10:35:05","guid":{"rendered":"https:\/\/matthewdesign2.wordpress.com\/contact\/"},"modified":"2025-02-06T16:17:21","modified_gmt":"2025-02-06T15:17:21","slug":"contact","status":"publish","type":"page","link":"https:\/\/www.azbalance.sk\/?page_id=36","title":{"rendered":"AZ Balance s.r.o."},"content":{"rendered":"\n<p class=\"has-text-align-center has-text-color has-link-color wp-elements-3b5c1a03638b5c5857e25702f4adfc33\" style=\"color:#384c50\"><strong>Otv\u00e1racie hodiny<br><\/strong>Po &#8211; Pia: 8:30 &#8211; 18:00<\/p>\n\n\n\n<div class=\"wp-block-group is-content-justification-center is-nowrap is-layout-flex wp-container-core-group-is-layout-1 wp-block-group-is-layout-flex\">\n<p class=\"has-text-align-center has-text-color has-link-color wp-elements-b115af79ac30b7be9eea1b7a7fdc3c5f\" style=\"color:#384c50\"><strong>Faktura\u010dn\u00e9 \u00fadaje<\/strong><br>I\u010cO: 53 747 551<br>DI\u010c: 2121482264<br>I\u010c DPH: SK2121482264<\/p>\n\n\n\n<p class=\"has-text-align-center has-text-color has-link-color wp-elements-86e87775f8d7eb78a85d8947843c700c\" style=\"color:#384c50\"><strong>Kontaktn\u00e9 \u00fadaje<\/strong><br><a href=\"tel:421915345551\">+421 915 345 551<\/a><br><a href=\"mailto:zpprilepkova@gmail.com\">zpprilepkova@gmail.com<\/a><a href=\"mailto:zpprilepkova@gmail.com\"><\/a><br><a href=\"mailto:info@azbalance.sk\">info@azbalance.sk<\/a><\/p>\n<\/div>\n\n\n\n<div style=\"height:32px\" aria-hidden=\"true\" class=\"wp-block-spacer desktop-only\"><\/div>\n\n\n\n<div class=\"wp-block-columns alignwide are-vertically-aligned-center has-2-columns is-layout-flex wp-container-core-columns-is-layout-1 wp-block-columns-is-layout-flex\">\n<div class=\"wp-block-column is-vertically-aligned-center is-layout-flow wp-block-column-is-layout-flow\" style=\"border-style:none;border-width:0px\">\n<h2 class=\"wp-block-heading has-text-align-center has-text-color has-link-color wp-elements-f9cc423085cb72508ee58d6c49f0b760\" style=\"color:#384c50\">Kde n\u00e1s n\u00e1jdete<\/h2>\n\n\n\n<iframe src=\"https:\/\/www.google.com\/maps\/embed?pb=!1m18!1m12!1m3!1d83378.09658941244!2d18.451634038823677!3d49.227766445772666!2m3!1f0!2f0!3f0!3m2!1i1024!2i768!4f13.1!3m3!1m2!1s0x47146101dd35c081%3A0x703b9df6348b96e7!2s014%2001%20Byt%C4%8Da%2C%20Slovensko!5e0!3m2!1ssk!2scz!4v1738854496404!5m2!1ssk!2scz\" width=\"600\" height=\"450\" style=\"border:0;\" allowfullscreen=\"\" loading=\"lazy\" referrerpolicy=\"no-referrer-when-downgrade\"><\/iframe>\n<\/div>\n<\/div>\n\n\n\n<div class=\"wp-block-group alignfull has-background\" style=\"background-color:#a0d4e81a\"><div class=\"wp-block-group__inner-container is-layout-flow wp-block-group-is-layout-flow\">\n<div style=\"height:80px\" aria-hidden=\"true\" class=\"wp-block-spacer desktop-only\"><\/div>\n\n\n\n<div class=\"wp-block-columns alignwide is-layout-flex wp-container-core-columns-is-layout-2 wp-block-columns-is-layout-flex\">\n<div class=\"wp-block-column is-layout-flow wp-block-column-is-layout-flow\">\n<h5 class=\"wp-block-heading has-text-color has-link-color has-normal-font-size wp-elements-c7a675639eb91a5f6b469d60176b0a6a\" style=\"color:#0885a3\"><strong>AZbalance s.r.o.<\/strong><\/h5>\n\n\n\n<p class=\"has-text-color has-link-color has-small-font-size wp-elements-6fdc05e94cba74678977615df3767e95\" style=\"color:#384c50\">I\u010cO: 53 747 551<br>DI\u010c: 2121482264<br>I\u010c DPH: SK2121482264<\/p>\n\n\n\n<p class=\"has-text-align-left has-secondary-color has-text-color has-link-color wp-elements-790a882b41402543fb2345f1c1584f71\"><a href=\"https:\/\/www.azbalance.sk\/?page_id=35\">Referencie<\/a><\/p>\n<\/div>\n\n\n\n<div class=\"wp-block-column is-layout-flow wp-block-column-is-layout-flow\">\n<h6 class=\"wp-block-heading has-text-color has-link-color has-normal-font-size wp-elements-0445a65f57ecd9d8eb07c54aa2d5d020\" style=\"color:#0885a3\">\u00dadaje pre faktur\u00e1ciu<\/h6>\n\n\n\n<p class=\"has-text-color has-link-color has-small-font-size wp-elements-e624065e98375673f0be61a41e57e94b\" style=\"color:#384c50\">AZbalance s.r.o.<br>I\u010cO: 53 747 551<br>I\u010c DPH: SK2121482264<\/p>\n<\/div>\n\n\n\n<div class=\"wp-block-column is-layout-flow wp-block-column-is-layout-flow\">\n<h5 class=\"wp-block-heading has-text-color has-link-color has-normal-font-size wp-elements-bf3e42b3fa3129c1b2e827c283c3c3b7\" style=\"color:#0885a3\">Kontakt<\/h5>\n\n\n\n<p class=\"has-text-color has-link-color has-small-font-size wp-elements-031a36e61ada3a37bc38f8174d63c0ca\" style=\"color:#384c50\"><a href=\"mailto:zpprilepkova@gmail.com\">zpprilepkova@gmail.com<\/a><br><a href=\"mailto:info@azbalance.sk\">info@azbalance.sk<\/a><br><a href=\"call:+421915345551\">+421 915 345 551<\/a><br><a href=\"https:\/\/www.tiktok.com\/@finske.kade.a.sau?is_from_webapp=1&amp;sender_device=pc\">TikTok: finske.kade.a.sau<\/a><\/p>\n<\/div>\n\n\n\n<div class=\"wp-block-column is-vertically-aligned-center is-layout-flow wp-block-column-is-layout-flow\">\n<div class=\"wp-block-buttons alignwide is-content-justification-center is-layout-flex wp-container-core-buttons-is-layout-1 wp-block-buttons-is-layout-flex\">\n<div class=\"wp-block-button has-custom-width wp-block-button__width-100 has-custom-font-size has-normal-font-size\"><a class=\"wp-block-button__link has-background has-text-align-center wp-element-button\" href=\"https:\/\/www.azbalance.sk\/?page_id=36\" style=\"background-color:#0095b8;padding-right:var(--wp--preset--spacing--40);padding-left:var(--wp--preset--spacing--40)\">Za\u0161lite n\u00e1m dopyt<\/a><\/div>\n<\/div>\n<\/div>\n<\/div>\n\n\n\n<p class=\"has-text-align-left\"><\/p>\n\n\n\n<div style=\"height:80px\" aria-hidden=\"true\" class=\"wp-block-spacer desktop-only\"><\/div>\n<\/div><\/div>\n","protected":false},"excerpt":{"rendered":"<p>Otv\u00e1racie hodinyPo &#8211; Pia: 8:30 &#8211; 18:00 Faktura\u010dn\u00e9 \u00fadajeI\u010cO: 53 747 551DI\u010c: 2121482264I\u010c DPH: SK2121482264 Kontaktn\u00e9 \u00fadaje+421 915 345 551zpprilepkova@gmail.cominfo@azbalance.sk Kde n\u00e1s n\u00e1jdete<\/p>\n","protected":false},"author":1,"featured_media":0,"parent":0,"menu_order":1,"comment_status":"closed","ping_status":"closed","template":"","meta":{"footnotes":""},"class_list":["post-36","page","type-page","status-publish","hentry","entry"],"yoast_head":"<!-- This site is optimized with the Yoast SEO plugin v23.8 - https:\/\/yoast.com\/wordpress\/plugins\/seo\/ -->\n<title>Kontakt - AZ Balance<\/title>\n<meta name=\"description\" content=\"M\u00e1te ot\u00e1zky oh\u013eadom prekladu alebo tlmo\u010denia? Kontaktujte ma, pros\u00edm! Rada v\u00e1m pom\u00f4\u017eem s odborn\u00fdmi prekladmi a tlmo\u010den\u00edm v nem\u010dine.\" \/>\n<meta name=\"robots\" content=\"index, follow, max-snippet:-1, max-image-preview:large, max-video-preview:-1\" \/>\n<link rel=\"canonical\" href=\"https:\/\/www.azbalance.sk\/?page_id=36\" \/>\n<meta property=\"og:locale\" content=\"sk_SK\" \/>\n<meta property=\"og:type\" content=\"article\" \/>\n<meta property=\"og:title\" content=\"Kontakt - AZ Balance\" \/>\n<meta property=\"og:description\" content=\"M\u00e1te ot\u00e1zky oh\u013eadom prekladu alebo tlmo\u010denia? Kontaktujte ma, pros\u00edm! Rada v\u00e1m pom\u00f4\u017eem s odborn\u00fdmi prekladmi a tlmo\u010den\u00edm v nem\u010dine.\" \/>\n<meta property=\"og:url\" content=\"https:\/\/www.azbalance.sk\/?page_id=36\" \/>\n<meta property=\"og:site_name\" content=\"AZ Balance\" \/>\n<meta property=\"article:modified_time\" content=\"2025-02-06T15:17:21+00:00\" \/>\n<meta name=\"twitter:card\" content=\"summary_large_image\" \/>\n<meta name=\"twitter:label1\" content=\"Predpokladan\u00fd \u010das \u010d\u00edtania\" \/>\n\t<meta name=\"twitter:data1\" content=\"1 min\u00fata\" \/>\n<script type=\"application\/ld+json\" class=\"yoast-schema-graph\">{\"@context\":\"https:\/\/schema.org\",\"@graph\":[{\"@type\":\"WebPage\",\"@id\":\"https:\/\/www.azbalance.sk\/?page_id=36\",\"url\":\"https:\/\/www.azbalance.sk\/?page_id=36\",\"name\":\"Kontakt - AZ Balance\",\"isPartOf\":{\"@id\":\"https:\/\/www.azbalance.sk\/#website\"},\"datePublished\":\"2024-11-04T10:35:05+00:00\",\"dateModified\":\"2025-02-06T15:17:21+00:00\",\"description\":\"M\u00e1te ot\u00e1zky oh\u013eadom prekladu alebo tlmo\u010denia? Kontaktujte ma, pros\u00edm! Rada v\u00e1m pom\u00f4\u017eem s odborn\u00fdmi prekladmi a tlmo\u010den\u00edm v nem\u010dine.\",\"breadcrumb\":{\"@id\":\"https:\/\/www.azbalance.sk\/?page_id=36#breadcrumb\"},\"inLanguage\":\"sk-SK\",\"potentialAction\":[{\"@type\":\"ReadAction\",\"target\":[\"https:\/\/www.azbalance.sk\/?page_id=36\"]}]},{\"@type\":\"BreadcrumbList\",\"@id\":\"https:\/\/www.azbalance.sk\/?page_id=36#breadcrumb\",\"itemListElement\":[{\"@type\":\"ListItem\",\"position\":1,\"name\":\"Home\",\"item\":\"https:\/\/www.azbalance.sk\/\"},{\"@type\":\"ListItem\",\"position\":2,\"name\":\"AZ Balance s.r.o.\"}]},{\"@type\":\"WebSite\",\"@id\":\"https:\/\/www.azbalance.sk\/#website\",\"url\":\"https:\/\/www.azbalance.sk\/\",\"name\":\"AZ Balance\",\"description\":\"Tlmo\u010denie a prekladanie\",\"publisher\":{\"@id\":\"https:\/\/www.azbalance.sk\/#organization\"},\"potentialAction\":[{\"@type\":\"SearchAction\",\"target\":{\"@type\":\"EntryPoint\",\"urlTemplate\":\"https:\/\/www.azbalance.sk\/?s={search_term_string}\"},\"query-input\":{\"@type\":\"PropertyValueSpecification\",\"valueRequired\":true,\"valueName\":\"search_term_string\"}}],\"inLanguage\":\"sk-SK\"},{\"@type\":\"Organization\",\"@id\":\"https:\/\/www.azbalance.sk\/#organization\",\"name\":\"AZ Balance\",\"url\":\"https:\/\/www.azbalance.sk\/\",\"logo\":{\"@type\":\"ImageObject\",\"inLanguage\":\"sk-SK\",\"@id\":\"https:\/\/www.azbalance.sk\/#\/schema\/logo\/image\/\",\"url\":\"https:\/\/www.azbalance.sk\/wp-content\/uploads\/2024\/11\/logo-1.png\",\"contentUrl\":\"https:\/\/www.azbalance.sk\/wp-content\/uploads\/2024\/11\/logo-1.png\",\"width\":327,\"height\":73,\"caption\":\"AZ Balance\"},\"image\":{\"@id\":\"https:\/\/www.azbalance.sk\/#\/schema\/logo\/image\/\"}}]}<\/script>\n<!-- \/ Yoast SEO plugin. -->","yoast_head_json":{"title":"Kontakt - AZ Balance","description":"M\u00e1te ot\u00e1zky oh\u013eadom prekladu alebo tlmo\u010denia? Kontaktujte ma, pros\u00edm! Rada v\u00e1m pom\u00f4\u017eem s odborn\u00fdmi prekladmi a tlmo\u010den\u00edm v nem\u010dine.","robots":{"index":"index","follow":"follow","max-snippet":"max-snippet:-1","max-image-preview":"max-image-preview:large","max-video-preview":"max-video-preview:-1"},"canonical":"https:\/\/www.azbalance.sk\/?page_id=36","og_locale":"sk_SK","og_type":"article","og_title":"Kontakt - AZ Balance","og_description":"M\u00e1te ot\u00e1zky oh\u013eadom prekladu alebo tlmo\u010denia? Kontaktujte ma, pros\u00edm! Rada v\u00e1m pom\u00f4\u017eem s odborn\u00fdmi prekladmi a tlmo\u010den\u00edm v nem\u010dine.","og_url":"https:\/\/www.azbalance.sk\/?page_id=36","og_site_name":"AZ Balance","article_modified_time":"2025-02-06T15:17:21+00:00","twitter_card":"summary_large_image","twitter_misc":{"Predpokladan\u00fd \u010das \u010d\u00edtania":"1 min\u00fata"},"schema":{"@context":"https:\/\/schema.org","@graph":[{"@type":"WebPage","@id":"https:\/\/www.azbalance.sk\/?page_id=36","url":"https:\/\/www.azbalance.sk\/?page_id=36","name":"Kontakt - AZ Balance","isPartOf":{"@id":"https:\/\/www.azbalance.sk\/#website"},"datePublished":"2024-11-04T10:35:05+00:00","dateModified":"2025-02-06T15:17:21+00:00","description":"M\u00e1te ot\u00e1zky oh\u013eadom prekladu alebo tlmo\u010denia? Kontaktujte ma, pros\u00edm! Rada v\u00e1m pom\u00f4\u017eem s odborn\u00fdmi prekladmi a tlmo\u010den\u00edm v nem\u010dine.","breadcrumb":{"@id":"https:\/\/www.azbalance.sk\/?page_id=36#breadcrumb"},"inLanguage":"sk-SK","potentialAction":[{"@type":"ReadAction","target":["https:\/\/www.azbalance.sk\/?page_id=36"]}]},{"@type":"BreadcrumbList","@id":"https:\/\/www.azbalance.sk\/?page_id=36#breadcrumb","itemListElement":[{"@type":"ListItem","position":1,"name":"Home","item":"https:\/\/www.azbalance.sk\/"},{"@type":"ListItem","position":2,"name":"AZ Balance s.r.o."}]},{"@type":"WebSite","@id":"https:\/\/www.azbalance.sk\/#website","url":"https:\/\/www.azbalance.sk\/","name":"AZ Balance","description":"Tlmo\u010denie a prekladanie","publisher":{"@id":"https:\/\/www.azbalance.sk\/#organization"},"potentialAction":[{"@type":"SearchAction","target":{"@type":"EntryPoint","urlTemplate":"https:\/\/www.azbalance.sk\/?s={search_term_string}"},"query-input":{"@type":"PropertyValueSpecification","valueRequired":true,"valueName":"search_term_string"}}],"inLanguage":"sk-SK"},{"@type":"Organization","@id":"https:\/\/www.azbalance.sk\/#organization","name":"AZ Balance","url":"https:\/\/www.azbalance.sk\/","logo":{"@type":"ImageObject","inLanguage":"sk-SK","@id":"https:\/\/www.azbalance.sk\/#\/schema\/logo\/image\/","url":"https:\/\/www.azbalance.sk\/wp-content\/uploads\/2024\/11\/logo-1.png","contentUrl":"https:\/\/www.azbalance.sk\/wp-content\/uploads\/2024\/11\/logo-1.png","width":327,"height":73,"caption":"AZ Balance"},"image":{"@id":"https:\/\/www.azbalance.sk\/#\/schema\/logo\/image\/"}}]}},"_links":{"self":[{"href":"https:\/\/www.azbalance.sk\/index.php?rest_route=\/wp\/v2\/pages\/36"}],"collection":[{"href":"https:\/\/www.azbalance.sk\/index.php?rest_route=\/wp\/v2\/pages"}],"about":[{"href":"https:\/\/www.azbalance.sk\/index.php?rest_route=\/wp\/v2\/types\/page"}],"author":[{"embeddable":true,"href":"https:\/\/www.azbalance.sk\/index.php?rest_route=\/wp\/v2\/users\/1"}],"replies":[{"embeddable":true,"href":"https:\/\/www.azbalance.sk\/index.php?rest_route=%2Fwp%2Fv2%2Fcomments&post=36"}],"version-history":[{"count":6,"href":"https:\/\/www.azbalance.sk\/index.php?rest_route=\/wp\/v2\/pages\/36\/revisions"}],"predecessor-version":[{"id":325,"href":"https:\/\/www.azbalance.sk\/index.php?rest_route=\/wp\/v2\/pages\/36\/revisions\/325"}],"wp:attachment":[{"href":"https:\/\/www.azbalance.sk\/index.php?rest_route=%2Fwp%2Fv2%2Fmedia&parent=36"}],"curies":[{"name":"wp","href":"https:\/\/api.w.org\/{rel}","templated":true}]}}